 n be t(-3). Calculate the highest common divisor of n and b.
23
Suppose 6*z = d + 169, 2*z - 73*d + 69*d - 16 = 0. Let s = -46 + 116. Calculate the highest common factor of z and s.
10
Suppose -6*f + 78*f + 7031 = 107471. Calculate the greatest common factor of 495 and f.
45
Suppose -u + 153 + 63 = -4*l, -102 = 2*l + u. Let b be (-64)/288 + (-20)/(-9) - l. What is the highest common divisor of 5 and b?
5
Let c = -191 + 195. Suppose 5*v - 2*p = 594, -c*v - 225 = -6*v + 5*p. What is the highest common factor of 15 and v?
15
Let j = -5856 - -5940. Calculate the highest common divisor of 3843 and j.
21
Suppose -v + 2*w + 82 = v, 4*v - w - 173 = 0. Let l(t) = 17*t - 6. Let c be l(12). What is the greatest common factor of c and v?
22
Suppose -7*b + 5 = -2*b, u = -5*b + 10. Let g be (6/u)/((-15)/(-975)). Suppose -294*d + 520 = -284*d. What is the greatest common factor of d and g?
26
Let h(o) = o**3 - 22*o**2 - 10*o + 700. Let k be h(21). Calculate the highest common divisor of k and 329.
7
Let x = 5085 - 4240. What is the highest common factor of 455 and x?
65
Suppose -4*f = -p + 111 - 409, -4*p + 8 = 0. Let y be 4 - (1 - 0) - (-42675)/f. What is the highest common divisor of 52 and y?
52
Suppose 162 = z + 50. Suppose 30*k - z = 26*k. What is the greatest common factor of 21 and k?
7
Let v(o) = -o**3 + 13*o**2 + 2*o + 76. Let r(x) = x**3 - 15*x**2 - x + 26. Let f be r(15). Let c be v(f). Calculate the highest common factor of c and 80.
20
Suppose 150 = 2*s - 5*m, 2*s = -7*m + 15*m + 144. Calculate the highest common divisor of 2140 and s.
20
Suppose -y = -3362 + 2971. What is the highest common factor of y and 85?
17
Let t = -484 + 486. Let j be (t - (-6)/8)*16 - -4. Calculate the highest common factor of 156 and j.
12
Let u = 639 - 595. Suppose -2*l + 18 = s - 0, u = 5*l + 3*s. Let h be ((-18)/(-15))/(3/10). What is the highest common factor of l and h?
2
Suppose -195 = -3*u - 3*g, 43 = 2*g + 57. What is the greatest common divisor of u and 7752?
24
Let p(t) = -t - 39 + 30 - 8*t + 441*t**2 - t. Let u be p(-1). What is the highest common divisor of 34 and u?
34
Suppose 2*w + 2*v - 20 = 0, -4*v = -18*w + 21*w - 36. What is the highest common divisor of w and 4948?
4
Suppose 5*c = 0, 0 = d - 3*c - 0*c - 45. Let u be (2/8*0)/(-1). Suppose -a + d = -u*a. Calculate the greatest common factor of a and 180.
45
Suppose -32*l = 12*l - 124696. What is the greatest common divisor of l and 109?
109
Let i = 296 + -301. Let n be i + (-7)/(28/(-536)). Calculate the highest common factor of 3 and n.
3
Suppose -4*i = -2*i - 500. Suppose 0 = -7*x + i + 604. Calculate the highest common divisor of 427 and x.
61
Suppose 391 - 91 = 5*t. Suppose 0 = -2*a - t + 64. Suppose 3*k - 38 = -k - a*n, -2 = -2*n. Calculate the highest common divisor of 99 and k.
9
Let a be (-225)/75*(26/3)/(-1). Suppose -2 = 2*f - f. Let s be (-3)/2 + 1 + (-105)/f. What is the greatest common factor of s and a?
26
Suppose r - 66 = 50. Suppose 0*q + q - 58 = 3*x, -2*q + r = 3*x. Calculate the highest common factor of q and 319.
29
Let v = -1967 + 1986. Calculate the greatest common factor of 8227 and v.
19
Let o(z) = -2*z**2 - 82*z - 664. Let m be o(-24). What is the greatest common factor of 988 and m?
76
Suppose -2*d = -3*b + 4, 2*b = 6*b - 2*d - 8. Let m be 342/24 + (-3)/12. Let h be 21/m - (-1)/2. What is the highest common factor of h and b?
2
Suppose -604121 - 1055149 = -355*z. What is the greatest common factor of z and 456?
114
Suppose -4*c = -9 - 7. Suppose 3*h - 78 = -g, 0*h + 2*h - c*g = 52. What is the highest common divisor of 26 and h?
26
Let y be (-3 - (0 - 1)) + 0. Let k be (-2)/4*(-6480)/108. Let n = k + y. What is the greatest common factor of n and 70?
14
Suppose x + a - 1327 = 0, -3*x + 3993 = -0*x - a. Let w = x - 812. Calculate the highest common factor of 14 and w.
14
Suppose -2*j + x + 3 = -1, -j = -x - 1. Suppose k - 48 = -z, -116 = -j*k + 8*z - 4*z. What is the greatest common factor of k and 11?
11
Let m(h) = -372*h - 90. Let y be m(-3). Let w(k) = 2*k**3 - k**2 + 4*k - 1. Let f be w(2). Calculate the greatest common factor of f and y.
19
Suppose -4*d + 5*c + 32 = 0, -2*c - 1 = -2*d + 13. Suppose 2*v + 9*j = 6*j + 89, 3*v + d*j - 129 = 0. Calculate the greatest common factor of v and 140.
20
Let k = 10663 + -6971. Calculate the highest common divisor of 52 and k.
52
Let i = -184 + 197. Suppose -2*v = 5*o - 217, i*o + 86 = 15*o + v. Let k be 168/9 - (-4)/(-6). Calculate the greatest common divisor of k and o.
9
Let j(k) = -k**3 - 3*k**2 - 3*k - 8. Let s be j(-3). Let x = 47 + s. Let d(t) = 17*t + 1. Let z be d(7). Calculate the highest common factor of z and x.
24
Let w be (-13 + -11)*140/(-30). What is the highest common divisor of w and 714?
14
Suppose 208 = h + 199. Suppose -v + 4 = 2*i - h, 3*v - 5*i - 83 = 0. Calculate the greatest common factor of v and 27.
3
Let w be (-1890)/(-25)*(-5580)/(-5022). Suppose -2*k - 16 = -4*k - 4*b, 0 = -2*k - 3*b + 18. Calculate the highest common divisor of w and k.
12
Suppose -49 = 28*b - 178 - 67. Let t = 14 - -105. Calculate the highest common divisor of t and b.
7
Suppose -65*r = 97*r - 6804. Calculate the highest common divisor of 5943 and r.
21
Let y be -1 - ((-38)/5 + 6/(-15)). What is the greatest common factor of 3346 and y?
7
Suppose 3*n = -3*o + 618, -2161*o = 5*n - 2166*o - 1040. Suppose -2*b + 6 + 40 = 0. Calculate the highest common divisor of b and n.
23
Let t(m) = 18*m**2 + 906*m - 4499. Let v be t(5). Calculate the greatest common factor of 975 and v.
13
Suppose 2*h + 0*w - 4*w - 26 = 0, -5*h - 5*w = -5. Suppose h*x - 2*l - 162 = 4*x, -3*x + 2*l = -502. Calculate the greatest common factor of 68 and x.
34
Let o be 3/(-30) - (-6647)/170. Let c(b) = -5*b**2 - 3*b + 1. Let u be c(2). Let i be u/(-2) - 4/(-8). Calculate the highest common factor of o and i.
13
Suppose 0 = -13*s - 425 + 7107. Let t = s - 486. Let l be (-4 - -1)*28/(-3). Calculate the greatest common factor of t and l.
28
Let z be 40/12*(-18)/(-15). Let c = 2528 - 2420. What is the highest common divisor of c and z?
4
Let w be (-246)/(380/(-50) + 7). What is the highest common factor of w and 1886?
82
Let j(c) = c**2 + 113*c + 2472. Let a be j(-84). Calculate the greatest common divisor of a and 6396.
12
Suppose -4*p + 250 = 5*w, 4*w - 593 = 2*p - 705. Let s = 2226 + -1566. Calculate the greatest common factor of p and s.
60
Suppose 3*l = -3*w + 90, 0*w + 2*w = 2*l - 64. What is the greatest common factor of l and 16?
1
Let g be (3/18*-4)/((-42)/693). What is the highest common divisor of 3597 and g?
11
Let g = -9 + 14. Suppose -y = -5*i - 12, -36 + 22 = -4*y + 3*i. What is the highest common factor of y and g?
1
Let n(b) = b**3 - 6*b**2 - 9*b - 10. Let k be n(8). Let l = k + -42. Suppose -14 = -v - 4*i, 6*i - i - 25 = -2*v. What is the highest common divisor of l and v?
2
Suppose -5*p + i = 3*i - 275, -4*p = -i - 233. Let d = -55 + p. Suppose -f - d*f + 42 = 0. Calculate the highest common divisor of 28 and f.
14
Let j(d) = 2*d - d + d**2 + 4 + 3*d. Let a be j(10). Let t = -299 - -315. Calculate the greatest common factor of t and a.
16
Let u be (-12)/(-24) + 3/2. Let y be (-1230)/(-12)*(0 + u). Let l(q) = q**3 - 4*q**2 + 10*q + 7. Let h be l(5). Calculate the greatest common factor of y and h.
41
Suppose 0 = -9*h - 31 - 23. Let u be (-10)/60 - 823/h. Suppose -m - j = -4*j - 25, 5*m - u = 3*j. Calculate the highest common factor of m and 7.
7
Suppose 4*o + 382 = -650. Let b = o - -303. What is the greatest common divisor of b and 180?
45
Let b(y) = 10605*y + 53641. Let t be b(-5). Let a = -4 - -8. Suppose 0 = a*f - 255 + 31. What is the greatest common divisor of t and f?
56
Suppose -13897 = -67*g + 63287. What is the highest common factor of g and 360?
72
Let w = 75 + -353. Let j = -135 - w. Calculate the highest common divisor of 52 and j.
13
Suppose -2690 = -12*k + 1402. Suppose -j = -3*o + 253, 5*j + k = -4*o + 8*o. Calculate the highest common divisor of o and 56.
28
Suppose 0 = -x - 3*u + 147, 2*x - 283 = 122*u - 117*u. Calculate the highest common divisor of 6084 and x.
36
Let t be (-276)/115*(-70)/3. What is the greatest common divisor of 280 and t?
56
Let z(y) = -y**3 - 47*y**2 - 84*y - 772. Let f be z(-47). What is the highest common facto